 divided by o.
8
Suppose 63*i - 21063 = 12*i. Calculate the remainder when 1658 is divided by i.
6
Let t = 421 + -592. Let a(l) = l**3 - 5*l**2 + 1. Calculate the remainder when a(6) is divided by (6/(-9))/(6/t).
18
Let y(d) = d**2 - 6*d - 22. Let x be -8*(-2 + 18/4 + -3). Suppose x*f - 48 + 0 = 0. Calculate the remainder when f is divided by y(9).
2
Suppose -13*k + 487 + 369 - 258 = 0. Calculate the remainder when k is divided by 29.
17
Suppose -4*j + 11 = 3*a - 5, 0 = -4*a - 16. Let k(b) = b**2 - 5*b. Suppose 0 = -21*c + 146 + 137 - 94. Calculate the remainder when k(j) is divided by c.
5
Let j(m) = 3*m + 43. Let b be j(-5). Suppose 4*g - 3 = g. Calculate the remainder when 131 is divided by 480/b + g/(-7).
12
Let p(b) be the second derivative of b**4/6 + 5*b**3/6 + 6*b**2 - 211*b. Let z = -18 - -14. Calculate the remainder when 214 is divided by p(z).
22
Calculate the remainder when 294 is divided by (8 + 153/(-18))/((-6)/1656).
18
Let j be (-6)/27 + (-76)/(-18). Calculate the remainder when 148 is divided by (j + 6 + -12)*22/(-4).
5
Let g = 10418 - -163. What is the remainder when g is divided by 72?
69
Let y be (-2 - -4 - 8)*-1. Let h(j) = -j + 18. Let w be h(6). Suppose -w*z = -y*z - 306. Calculate the remainder when z is divided by 13.
12
Suppose -2*b = -h + 9, -7*b + 27 = 2*h - 2*b. Suppose -h*m + 552 = m. Calculate the remainder when m is divided by 13.
7
Suppose 6 = 3*t, 4*t = -4*n + 305 + 579. Calculate the remainder when n is divided by 20.
19
Calculate the remainder when 34 + -25 - 0 - (-646 + -2) is divided by 149.
61
Let c = -16032 + 23789. Calculate the remainder when c is divided by 80.
77
Suppose -60 = -5*t - 9*h + 4*h, 0 = -3*t + h + 44. Calculate the remainder when 60/t + 32/(-112) + -1 is divided by 3.
0
Let k(j) = -1937*j**3 + 2*j**2 - 5*j - 7. What is the remainder when k(-1) is divided by 92?
5
Let v be (16/(-12))/(2/(-6)). Let o be (-1443)/(-52) + (-3)/v. Suppose -4*a + o = u, -4*u + 7*u + 15 = 0. Calculate the remainder when 22 is divided by a.
6
Let c(a) = -13*a + 3. Let m be c(6). What is the remainder when 117 is divided by (-55)/m*33 + (-4)/20?
21
Let l = 1417 + -1374. Calculate the remainder when (-342)/(-4) + 2/(-4) is divided by l.
42
Let t(y) = -y**3 - 11*y**2 + y - 2. Let g be t(-10). Let d = g + 255. Calculate the remainder when d is divided by 24.
23
Suppose -h - 28 = -m + 5, m + 4*h = 48. Suppose -40*u = -43*u + v + 849, -4*u - 3*v = -1145. What is the remainder when u is divided by m?
32
Suppose 0 = 4*z + 3*f - 98, 5*z = 6*z - 4*f - 15. Suppose 39 = 57*a - 44*a. What is the remainder when z is divided by a?
2
Let r(j) = -j**3 + 11*j**2 - 18*j. Let d be r(9). Suppose -7*b + 189 - 77 = d. Let f = b - -5. Calculate the remainder when f is divided by 12.
9
Let c(i) = -2*i**2 + 340*i + 5165. What is the remainder when 16561 is divided by c(-14)?
12
Suppose 0 = -12*v - 108 - 816. What is the remainder when 26 is divided by v/(-4) - 60/48?
8
What is the remainder when (1535/(-10))/(41/(-82)) is divided by 50?
7
Suppose 0 = 3*l - 1809 - 1629. Suppose 0 = -14*o - 82 + l. What is the remainder when o is divided by 14?
6
Let b(k) = -k**2 + 48*k + 684. Calculate the remainder when 1047 is divided by b(59).
32
Suppose 68 = -400*a + 396*a. Let v(f) = f**3 + 20*f**2 + 32*f - 25. What is the remainder when v(a) is divided by 25?
23
Let z = -79 + 91. Calculate the remainder when z is divided by (-4 + 13 + -1)/2.
0
Let o = 42789 - 42775. Calculate the remainder when 454 is divided by o.
6
Let y(n) be the first derivative of -n**3/3 + 4*n**2 - 10*n + 27. Calculate the remainder when y(5) is divided by 4.
1
What is the remainder when 1119 is divided by (-38 - 102)*((-6)/(-5))/(-3)?
55
Let b = 418 + -421. What is the remainder when (77/(-2) + 0)*-2 is divided by (b - (56 + 1))/(27/(-18))?
37
What is the remainder when 5659 is divided by (108/(-48))/((-6)/34*(-1)/(-12))?
151
Let k = -6332 + 6345. What is the remainder when 477 is divided by k?
9
Let c(b) = -36*b**3 + 6*b**2 - 4*b - 17. Let r be c(-4). Suppose 7*l - r = -873. Calculate the remainder when l is divided by 56.
50
What is the remainder when 33 is divided by (-180)/(-15) - (-18 + 5)?
8
Suppose 199*t - 320 = 191*t. Calculate the remainder when (-352)/(-3) - (-10)/(-30) is divided by t.
37
Suppose 0 = -4*w - 5*y + 931, -2*y - 681 = -3*w - 0*y. What is the remainder when w is divided by 1 + 76 - (26/13 - 3)?
73
Let q = -30 - -26. Suppose 16*u - 189 = 3. What is the remainder when u is divided by 30/q*(-8)/12?
2
What is the remainder when 310 is divided by 3/18 + 30742/228?
40
Let w be 36*(25 - 19)*2/9. Suppose -24*x + 21*x + w = 0. Calculate the remainder when 123 is divided by x.
11
Suppose -18872 = -38719*y + 38715*y. Calculate the remainder when y is divided by 3.
2
Suppose -2*l = -5*v + 289, 49*l - 44*l + 10 = 0. What is the remainder when 1518 is divided by v?
36
Let o(n) = 99 - 216 + n**3 + 2*n + 98 - 8*n**2 + 4*n. Calculate the remainder when 82 is divided by o(8).
24
Let h(n) = -n**3 - 11*n**2 + 9*n - 41. What is the remainder when h(-13) is divided by 32?
20
Let b = -69 - -9. Let p(d) = -43*d - 281. Calculate the remainder when p(-9) is divided by (-2)/(b/29 - -2).
19
Suppose -1366 - 1255 + 391 = -223*i. What is the remainder when 3746 is divided by i?
6
Suppose 2055*i = -2*n + 2053*i + 112, -n + 61 = -4*i. What is the remainder when n is divided by 12?
9
Let d be (2 + 30/(-25))*-30. Let o be 2/(2/(-9) + d/(-27)). Suppose -51 = -o*r - 2*m, -r + 3*m = -0*m - 6. Calculate the remainder when r is divided by 8.
7
Let s = -1 - -8. Let k(m) = -m**3 + 12*m**2 - 2*m + 27. Let r(d) = -2*d + 42. Let h be r(15). What is the remainder when s is divided by k(h)?
1
Suppose n = -52 + 99. What is the remainder when 603 is divided by n?
39
Let a(u) = -3*u - 11. Let f(c) = 9*c + 4. Let j be f(-1). Let n be a(j). Suppose -n*s = 16, 5*s - 315 = -3*m - 2. What is the remainder when m is divided by 23?
19
Let u = 14270 - 13346. Calculate the remainder when u is divided by 80.
44
Suppose -39 = 5*p - 14. Let x be 4*-5*1/p. Suppose -x*r + 101 = 3*o, o + 2*r - 33 = 2. Calculate the remainder when o is divided by 16.
15
Suppose 3*u - 2*v - 99 = 0, 0 = -2*v + 32 - 20. What is the remainder when 4919 is divided by u?
35
Suppose -r = r - 3*w - 110, -187 = -3*r - w. Calculate the remainder when r is divided by (-8 - 62/(-8))*-24*(-275)/(-50).
28
Suppose -6*v + 103 = 19. Let m = 7 + v. What is the remainder when 123 is divided by m?
18
Suppose -5*r + 10 + 30 = 4*u, 0 = -2*r. Let s be (-51)/24 - 1/(-8). Calculate the remainder when u is divided by (2 + 1/s)/(27/72).
2
Suppose -f - 8 = 0, 38*b = 37*b - 3*f - 1. What is the remainder when 138 is divided by b?
0
Suppose -6*x = -4013 + 1151. Suppose 3*q - x + 321 = 0. Calculate the remainder when 259 is divided by q.
51
Suppose 20 = q + 8. Let n be (-4)/q + (-100)/6. Let v = 64 + n. What is the remainder when v is divided by 12?
11
Let s be 0/(-10 - 25/(-5)). Calculate the remainder when ((-522)/27)/(s - 4/12) is divided by 12.
10
Let m(b) = 28*b**3 + 3*b**2 + 2*b - 1. Let u be m(-1). Let v = u - -35. What is the remainder when 24 is divided by v?
3
Suppose z = -2*y + 4*z - 6, -z + 2 = y. Suppose r - 3*c = -y*r + 68, -5*r + 340 = -5*c. Let l = -4055 - -4069. Calculate the remainder when r is divided by l.
12
Suppose -52941*r - 3250 = -52954*r. What is the remainder when 644 is divided by r?
144
Let o be 3/12*-1 + (-2565)/(-20). Let r = o + -64. Let k = r - 18. Calculate the remainder when k is divided by 13.
7
Let a(c) = 2*c**2 - 7*c - 144. Calculate the remainder when 53 is divided by a(11).
11
Suppose -377 = 215*j - 244*j. What is the remainder when 863 is divided by j?
5
Let t = 6360 - 4649. What is the remainder when t is divided by 66?
61
Calculate the remainder when (-588)/(-20)*(-230)/(-69) is divided by 25.
23
Let c(t) = -21*t + 6*t**2 - 8*t**2 - 109 + 5*t**2 - 3*t**2 + t**2. What is the remainder when 209 is divided by c(-6)?
50
Let i = 117 - -71. Suppose 4*w - t = t + 232, 0 = 3*w + 2*t - i. Calculate the remainder when 172 is divided by w.
52
Let f(s) = -s**3 + 21*s**2 - 20*s. Let o be f(20). Suppose o = 16*z - 10*z - 54. What is the remainder when 242 is divided by z?
8
Let w(s) = 14*s**2 - 152*s + 150. Calculate the remainder wh